= -2*w - 2*x - 3*x. Suppose -4*l + 230 = 2*h, h = -l + 150 - w. What is the units digit of h?
3
Suppose 0 = -j + m + 20, 5*j - 92 = -2*m - m. Suppose -5*v = -r - 1632, -21*v + 669 = -j*v + 5*r. What is the hundreds digit of v?
3
Suppose 2*r = -p + 282, 4*r + 1380 = 5*p - r. Let b = 842 + p. What is the hundreds digit of b?
1
Let d = -2893 - -2032. Let r = d + 1436. What is the hundreds digit of r?
5
Let u = -13806 - -26306. What is the thousands digit of u?
2
Let n(z) = 60*z - 46. Suppose 0 = -9*i + 32 - 5. What is the tens digit of n(i)?
3
Let u be 1/(-3) - ((-1825)/(-15) - -6). Let f = 134 + u. What is the units digit of (2*-1)/(7 + (-43)/f)?
2
What is the units digit of (-153306)/(-10) - 1122/(-2805)?
1
Suppose 227028 = 15*s + 6603. What is the units digit of s?
5
Suppose 3*b + 3*v + 207 = 0, 5*b - 3*v + 7*v + 342 = 0. Let d be ((-5)/(8 - 3))/((-2)/b). Let j = 79 + d. What is the tens digit of j?
4
Suppose -874*r + 225303 = 5*a - 876*r, 2*r - 45051 = -a. What is the tens digit of a?
5
Suppose -9*y = -39*y + 294960. What is the units digit of y?
2
Suppose 3*r - 5*j - 61848 = 0, -r - 8722 = 3*j - 29310. What is the thousands digit of r?
0
Let b(v) = -2*v**2 - 17*v + 31. Let t be b(-9). What is the units digit of 9756/t + (-234)/(-429)?
4
What is the units digit of (-50)/75 + 50456/3?
8
Let d(a) be the second derivative of a**5/20 + a**4/12 + a**3/2 - 21*a**2/2 + 21*a. Let s be d(5). Suppose -21*h + 18*h = -s. What is the units digit of h?
8
Let d = 41822 + -27569. What is the units digit of d?
3
Let f(h) = 20702*h + 311. What is the thousands digit of f(1)?
1
Let c(p) = 4*p + 99. Let j be c(-24). Suppose 0 = j*w - 3*g - 4932, -3284 = -2*w + 24*g - 23*g. What is the hundreds digit of w?
6
Let c be (-7)/((-35)/10)*15/(-2). What is the tens digit of 9/c - 736/(-10)?
7
Suppose -10*i + 7*i = 54. What is the units digit of 21*(-2)/i*6?
4
Suppose -14 = d - 3*p, -4*p = d - 6*d - 15. Let f be 7/4 - 1/(-4). What is the tens digit of (d + f + -4)*-26?
2
Let a(j) = 115*j**2 - 4*j + 1. Let s(p) = -53*p**2 + 2*p. Let m(l) = 6*a(l) + 13*s(l). Let o be (1 - 2)*(-1 - -6). What is the tens digit of m(o)?
2
Suppose 13*j - 25 = 1. Suppose k + 3*u + 6 = 16, -5*k - j*u = -63. Suppose 10*m + 450 = k*m. What is the hundreds digit of m?
1
Let d(w) = w**2 + 12*w - 24. Let p be d(-14). Let t(s) = 134*s - 83. What is the tens digit of t(p)?
5
Let s = 526 - 517. Suppose -s*q - 3976 = -16*q. What is the units digit of q?
8
Let n = 686 - 984. Let t = n - -318. What is the units digit of t?
0
Let w be (12/(-20) - 100366/(-35)) + -4. Let g = -1607 + w. What is the units digit of g?
6
Suppose -5*x + 823 = -202. Let f = 308 + -196. Suppose x = z + f. What is the tens digit of z?
9
Let l = -939 + 937. What is the units digit of ((-174060)/72)/(5/l)?
7
Let l = -3548 + 10411. What is the hundreds digit of l?
8
Suppose 4*u = -3*z + 2301 + 1554, -5140 = -4*z - 5*u. What is the thousands digit of z?
1
Let v(i) = -13 - 10*i**2 + i**3 - 1 - 6*i**2 - 16*i. Let q be v(17). Suppose 9 = -q*j - 0*j, -2*j = 3*w - 261. What is the tens digit of w?
8
Suppose z = -5*x + 1770 + 446, -880 = -2*x - 2*z. Suppose -5*w - x = -11*w. What is the tens digit of w?
7
Suppose 0 = -157*x + 464*x - 2094047. What is the hundreds digit of x?
8
Let h be ((-265)/30 - -9) + 251/6. What is the units digit of (-1664)/(-6) + (-14)/h?
7
Suppose 0 = -5*y + 8708 - 2403. Suppose 2*d + 3*q - 461 = 348, -3*d = -5*q - y. What is the units digit of d?
2
Let t = 249 - 249. Suppose -2*f - 239 + 797 = t. What is the tens digit of f?
7
Let v(l) = 13*l**2 - l + 20. Let d(j) = j**2 - 6*j + 6. Let r be d(3). What is the tens digit of v(r)?
4
Let x(l) = -362*l - 3186. What is the ten thousands digit of x(-55)?
1
Let n(p) = -13*p**3 - 8*p - 119. What is the hundreds digit of n(-8)?
6
Suppose -9*l - 230275 = -5*v - 24557, -4*v + 4*l = -164568. What is the units digit of v?
0
Let g = -2 + 1. Suppose -1870 = -6*i + 452. What is the units digit of i/3 - -5 - (3 + g)?
2
Let c be (6 - 133/21)*-6. What is the tens digit of 20*((528/20 - c) + 0)?
8
Let x be -32*((-3)/(-24) + (-5)/8). Suppose -19*a + 705 = -x*a. Suppose 0 = -2*u - 5*o + a, 0 = -4*u + 5*o + 132 + 323. What is the units digit of u?
5
Suppose -28*v + 1113 + 2569 = -658. What is the tens digit of v?
5
Let j = -6598 - -23143. What is the ten thousands digit of j?
1
Let s be (-20)/2*(-24)/(-280)*7. What is the tens digit of (308/(-7))/(s/114)?
3
Let j(h) be the second derivative of h**3/3 + 16*h**2 - 7*h. Let n be j(-23). What is the tens digit of 2/7 + 0 + (-178)/n?
1
Suppose 88*a = 94*a - 3510. Suppose 328 = v + 5*t + 3, 3*t + a = 2*v. What is the hundreds digit of v?
3
Suppose a + 0*a = k + 5, -5*k = 10. Suppose v - 7*p = -2*p + 640, v - 640 = a*p. What is the hundreds digit of v?
6
Suppose 20*r = 5*r - 10500. Let a = -406 - r. What is the units digit of a?
4
Let b = -95 + 86. Let j = 29 + b. What is the units digit of (-8)/20*j/2 - -53?
9
Let z(i) = i**3 + 3*i**2 + 2*i + 2. Let g be z(-2). Suppose -g*k = -0*k - 12. Suppose -k*x + 139 = -257. What is the units digit of x?
6
Let x(l) = -2*l + 12. Let s be x(4). Suppose 0 = -s*a + 11 + 5. Suppose -3*z - c + 333 = 2*z, -4*z + 260 = a*c. What is the units digit of z?
7
What is the thousands digit of (-19 - 385/(-21))/((-1)/14169)?
9
Let r(p) be the third derivative of 17*p**4/24 - 9*p**3/2 - 7*p**2 + 7*p. What is the units digit of r(6)?
5
Let z be 11/((-13)/208 + 0 + 0). Let a = 71 - z. What is the hundreds digit of a?
2
Let r(t) = 10*t**3 + 17*t**2 - 4*t - 11. Let i be r(-5). Let q = i - -1174. What is the hundreds digit of q?
3
Suppose 172460 = 65*f - 379466 + 7941. What is the tens digit of f?
6
Let m be ((-7 + 2 + 0)/1)/(-1). Suppose 420 = -m*z + 3050. What is the units digit of z?
6
Let n(w) = -4*w**3 + 2*w**2 + 4*w - 7. Let b be n(-3). Suppose -4*v + i + 434 = b, 2*v = 3*i + 151. Let o = v + -34. What is the tens digit of o?
4
Suppose 10296 - 34614 = -3*x. What is the hundreds digit of x?
1
Let j be (-1)/6 + (-77)/(-462). Let x be 118/4*(3 + -1). Suppose j*f + f - x = 4*r, -163 = -3*f + 5*r. What is the tens digit of f?
5
Let i(l) = -46 + 12 + 16 + 12 - 3*l. Let r be i(-2). Suppose 4*n + 5*d - 462 = r, 4*n + 71 = d + 545. What is the units digit of n?
8
Let i(f) = -34*f + 515. Let h be i(0). Let y = 96 + h. What is the tens digit of y?
1
Let v(m) = -93*m - 9. Let p be v(-6). Let q = 950 - p. What is the tens digit of q?
0
Suppose -26*i + 278715 = 59*i. What is the tens digit of i?
7
Suppose -4*g + 118 = -3*a + a, 0 = 5*a + 2*g + 331. Let k be -25*(a/25 - -2). Suppose 0 = k*d - 4*d - 462. What is the units digit of d?
2
Let w be ((-3)/5)/(57/(-380)). Suppose 0 = 3*r + w*m - 2639, -r - 12*m + 878 = -9*m. What is the hundreds digit of r?
8
Suppose -9 = r + m, -4*r + 0*r = -5*m + 81. Let s(i) = i**3 + 16*i**2 + 9*i + 5. What is the hundreds digit of s(r)?
2
Let i be ((-6)/(-10))/((-10)/(-50)). Let l(k) = -4*k**2 - 4*k + 3 + 139*k**i - 6*k**2 - 138*k**3. What is the tens digit of l(11)?
8
Suppose 4*k + 8 = s, 0 = s - 5*s - 4*k - 8. Suppose 0 = 4*b + 5*p - 3, s*b + 5*b = 3*p + 13. What is the units digit of (b/(-4))/(3/(-678))?
3
Let r(y) = 6*y - 297. Let o be r(22). Let x be 22/((-2)/1) - -1. What is the tens digit of (o/x + -4)*10?
2
Let a(u) = -10*u**2 + 6*u + 12 + 11*u**3 - 13*u**3 + 4*u**3. What is the units digit of a(6)?
0
Suppose -3*t + v = -382, t = -2*t - 3*v + 366. Let n = 134 - t. Suppose -n*l + 683 + 557 = 0. What is the tens digit of l?
5
Suppose 88*w - 443204 = 19*w + 111625. What is the units digit of w?
1
Let k be 2/(-6) + (-592)/(-48). Suppose 0*t - 4*x - 1 = -t, -3*x = 3. What is the units digit of ((-1)/t)/(2/k) - -52?
4
Let g(p) = 5604*p - 1093. What is the ten thousands digit of g(3)?
1
Suppose 0*l = -5*v - 4*l + 101, -5*v = 5*l - 105. Let i(p) = -p**3 + 19*p**2 - 2*p + 44. What is the tens digit of i(v)?
8
Let h = 1 - 1. Suppose 2*p - 6*p - 16 = h, 0 = -5*a - 3*p + 678. What is the tens digit of (2*(-4)/3)/((-4)/a)?
9
Suppose 0 = -2*r - 426 + 1462. Let a = -495 + r. What is the units digit of a?
3
Let q(n) = n**3 + 72*n**2 + 150*n - 83. What is the thousands digit of q(-49)?
7
Let f(m) be the first derivative of -163*m**2/2 - 43*m + 76. What is the units digit of f(-6)?
5
Suppose -31*v - 135 = -34*v. L